+ 15))?
15
-1 + (-11 - (-16 + 6)) - -20
18
What is (375 - 373) + (-2 + (3 - 2) - -2)?
3
Calculate 1 + 2 + -3 + 0 + -81 + 82.
1
What is -3 - (-8 + 0 + 0 + 11 + -6)?
0
What is the value of (61 + -88 - -16) + -12 + 1?
-22
Evaluate (44 - 6) + -11 + -7.
20
What is 6 - (37 - (0 - -12)) - 0?
-19
Evaluate -2 + -41 + 29 - (-21 + 1).
6
Calculate 7 + 4 + (5 + -8 - -3 - -1).
12
-10 + -1 + 10 + -32 + 16 - -3
-14
10 + -15 + (13 - 10) + 6 + -2
2
-3 - (3 + -3 - (3 - 8))
-8
What is the value of (-5 + -3 - 2) + (5 + -1 - 5)?
-11
-9 + 3 + (3 - (5 + 6))
-14
Calculate 15 - (-12 - -32 - 2).
-3
Calculate -25 + 12 + (-15 - -24).
-4
What is the value of -297 + 285 - (0 + 11)?
-23
Calculate (-6 - -3) + (8 + -7 - (-2 - 0)).
0
Calculate -343 - -326 - (-28 + 0).
11
Calculate 8 + (7 - (-4 - -12 - (5 - 7))).
5
What is the value of 8 - (10 - 15 - 8 - -5)?
16
What is -2 + (-2 - 3 - -4)?
-3
What is the value of -19 + 0 + -21 + 19?
-21
Calculate -6 - (9 - 4 - 3) - -20.
12
What is the value of (0 + -10 - -8) + 33?
31
Evaluate 2 + -3 + 4 - (45 - 38).
-4
What is the value of -5 + 9 + 1 + 1 - (44 + -24)?
-14
-12 + 0 + (0 - 7) + -9
-28
Calculate -12 + 14 + -12 - -31.
21
Calculate (-1 - -1) + -72 + 69.
-3
Evaluate (11 - 14 - 32) + (18 - 13).
-30
-20 + (-15 - -18 - -14)
-3
Calculate 12 + -15 - (10 + 17 + -7 + -10).
-13
3 + (11 - 10 - 15)
-11
Calculate -9 - (10 + -3 - (8 - 1) - 7).
-2
Evaluate 35 + -41 + -1 + -20.
-27
Evaluate 57 + -46 + -7 + 5 + (0 - -7).
16
Evaluate (12 - 54) + 12 + 5 + 1.
-24
What is 28 - (-26 + 68) - -27?
13
Calculate (7 - (0 - 0)) + -8 + 10.
9
What is the value of 6 + 5 - (91 + -72)?
-8
What is -1 - (-7 - (-1 - 7)) - 0?
-2
What is the value of -2 + (-12 + 8 - -10) + -1 - -4?
7
Evaluate 15 - (24 - 16) - 3.
4
Calculate -1 + -23 - (-141 + 128).
-11
Calculate (10 - 17 - 1) + 5 - 0.
-3
What is (-13 - (-7 + 0)) + 7 - -8?
9
(-2 - -9) + (-12 - (-31 - -4 - -10))
12
Calculate (20 - 3) + (-1 + 4 - 9).
11
What is the value of -4 + (-20 - -13 - -19) + (-2 - 5)?
1
What is 2 + (38 + -43 - (9 + -2))?
-10
What is (4 - 12 - -5) + -7?
-10
Calculate 4 - ((8 - 0) + -28) - (7 - 6).
23
What is 10 + -5 + 11 - 4?
12
What is the value of -3 - ((2 - 4) + (-2 - (15 + -14)))?
2
Calculate -7 - -8 - (-7 + (-1 + -5 - -6)).
8
What is the value of 2 + -5 - -4 - 9?
-8
-6 + (13 - 3) - 6 - (-4 + -1)
3
0 - (17 + (20 - 23))
-14
Evaluate (1 - -14 - (165 - 146)) + 33.
29
What is 2 - (4 + (-1 + 3 - -7))?
-11
Calculate 1 + (-6 - (1 + -6 - -8)).
-8
Calculate -8 + (9 - (-5 + 35 + -11)).
-18
Evaluate 1 - ((3 - -6) + -7) - 2.
-3
Calculate -5 + (2 - -5) - -7.
9
(0 - 6) + (17 - 10) + -20
-19
What is the value of -17 - (-21 - -76) - -40?
-32
5 + 1 + 25 + -22 + -13
-4
Calculate -49 + 61 - (7 + -3 - 8 - -9).
7
What is the value of -12 - -1 - (-11 - (-4 + 0)) - 5?
-9
What is the value of 9 + (-12 - (-2 - 6))?
5
Calculate (16 - (8 - -29)) + 11.
-10
Evaluate (-70 - -59) + (1 - -7) + -3.
-6
Calculate -17 + (15 - 25) - -4.
-23
What is 14 - ((-6 - -4) + -2 + -11 + 7)?
22
What is the value of (5 + 6 - 6) + (12 + -7 - -4)?
14
What is the value of -6 + (-3 - (-5 - -6)) + 10 + 5?
5
4 + (-37 + 35 - (-5 + 1 - -26))
-20
Evaluate 44 + -34 + 25 + -35.
0
Evaluate (-2 - 3) + 0 + -1 + (-146 - -174).
22
What is 8 + 3 + -13 + -11 + 0?
-13
2 + -4 - (-1 + -1 - (151 - 150))
1
(0 - (-15 - 1)) + (-4582 - -4549)
-17
40 - ((142 - 47) + -39)
-16
What is 6 + -18 + 4 - -16?
8
Calculate 12 + 1 + -1 + -10.
2
What is 15 - (16 + 28) - -15?
-14
What is 1 + 0 - (-4 + -6 - -8 - 7)?
10
What is the value of 24 + -9 - 52 - -24?
-13
What is -5 - (40 + -63) - 21?
-3
What is -14 + (0 - (14 + -3 + -32))?
7
Calculate (-17 - -4) + 4 + 7 + -1.
-3
Evaluate -62 + 39 - (-2 + (-1 - 4)).
-16
Evaluate -10 + -7 + 21 - 21 - (3 - 1).
-19
Evaluate 45 + -54 - (4 + -35 + 3).
19
6 - (-4 + -17 + 3 - -9 - -8)
7
(21 - 6) + -2 + -8 + 4
9
10 + -2 + (-2 - 8 - (-67 - -99))
-34
0 + -16 - (284 - 303)
3
Calculate -1 + (-18 - -3 - -15) + (-1 - -3).
1
-3 + 6 + 1 + -5 - 2
-3
What is the value of -10 + 11 + ((-22 - -3) + 0 - -4)?
-14
10 + (4 - 11) + 5
8
What is the value of 1 - 13 - -7 - (-26 - -43)?
-22
Evaluate 2 + 30 - (-10 + 32).
10
Evaluate 3 + 1 + 10 - 24.
-10
What is the value of 11 + (-6 + 4 - ((-4 - -5) + -12))?
20
Calculate 0 + 1 + -5 + 4 + -1 + -6.
-7
-1 + -14 + (-2 + -8 - -14) + -4
-15
9 - (1 + 2 + 10) - -16
12
Evaluate -24 - (24 + 15 - 72).
9
What is (1 - (4 + -18 + -10 + 19)) + -7?
-1
What is the value of 1 + (-1 - 6) - (42 + -33)?
-15
What is 14 - 5 - (17 - 14)?
6
What is the value of 9 - (1 - (16 - -8)) - 16?
16
What is the value of -5 + 5 - (-1 + -7 - (-5 + 12))?
15
What is the value of 9 + (-5 - (-19 + 35))?
-12
What is the value of 13 + (-7 - (-15 - -17 - 10))?
14
53 + -57 - (2 - 9)
3
Evaluate (0 - -23) + -8 + 57 + -63.
9
(-8 - (19 + -12)) + 0
-15
(320 - 321) + -7 + -1 + 0
-9
34 + -12 + 5 - 21
6
Evaluate -3 + (-9 + 2 + 3 - -7).
0
Calculate -1 - -2 - 0 - (-1 + 8 - 18).
12
What is the value of (10 + 22 - 18) + -14?
0
Evaluate (-12 - 14) + -7 - -40.
7
What is the value of -2 + 14 + (-8 + -3 - -8)?
9
What is 3 + 2 + (-9 - 1) + -3 - 10?
-18
(-39 - (11 + -30)) + 8
-12
1 + 5 + -1 + -1 - (-20 + 36)
-12
Evaluate 2 + -10 + (7 + -5 - (18 - 42)).
18
What is -31 - -36 - (1 - -11)?
-7
What is -18 + 1 + -685 + 708?
6
Evaluate 3 - -4 - 6 - (21 + 3) - 11.
-34
Calculate 31 + -6 + (31 - 47).
9
What is the value of (46 - (-2 + 32)) + -26?
-10
13 + (30 - (-2 + 47))
-2
What is 38 - -26 - 40 - 45?
-21
Calculate (-2 + -1 + 6 - -18) + -376 + 366.
11
What is -5 - (-46 - 3) - (291 + -285)?
38
What is the value of (22 - 25) + (0 - -1) + -4?
-6
Calculate -3 + 1 + 0 + (1 - 5) + 16.
10
Evaluate 27 - ((3 - -2) + 9).
13
(-3 - (25 + -35 - (0 + 4))) + -5
6
What is the value of 21 - (26 + -29 + 32)?
-8
Evaluate (23 - -44 - 34) + -38.
-5
What is -3 - (18 - (0 + (-14 - -21)))?
-14
Calculate 3 + -2 + 0 + 23.
24
What is the value of (-19 - (10 - 21)) + (0 - 1)?
-9
What is -1 + 11 + (29 + (2 - 19) - -2)?
24
What is the value of -71 + (-37 - -97) + (-11 - -2)?
-20
What is the value of 14 - (33 - -14 - 19)?
-14
-51 - -72 - (-2 - (7 + -3 + 1))
28
-7 + 8 + (-3 - 5 - -5)
-2
Evaluate 23 - 5 - (1 + 0 + 5).
12
-29 - (-8 + -4) - -24
7
What is the value of (-5 + 11 - (-3 - -14) - 29) + 11?
-23
What is (218 - 202) + 1 + -7?
10
Calculate 7 - ((15 - 1) + -14).
7
What is -1 + -2 + (-2 - (-9 + -6)) + 4?
14
Calculate 0 + (5 - (-3 + 12)) - -19.
15
Evaluate -11 - (2 + 0 + 9 + -26).
4
What is (4 - 11) + (-24 - (-5 - 6))?
-20
What is the value of -16 + (15 + 7 - 13)?
-7
What is the value of (-1 - 3 - -12) + 5 + 3 + -20?
-4
-19 + (-44 + 20 - (-8 + -5))
-30
8 + (-33 - -35 - -10 - (-13 - -2))
31
Evaluate -14 + (19 - -9) - 0.
14
What is 9 + (-1 - 2 - 1) + (160 - 156)?
9
What is 0 + (-5 - 6) - (2 - 8)?
-5
What is the value of -4 - (-9 + 1 + (-41 - -49) + 8)?
-12
(2 - 5) + (-37 - -50) + -3
7
-6 - (-27 + -5 + (-7 - -14))
19
Evaluate 42 + -67 + 3 + -4.
-26
8 + 0 + (-3 - 5) + 5 + -26
-21
What is 32 + -1 + 3 + (74 - 81) - 1?
26
Calculate 30 + (1 + 3 - 7) + -177 + 171.
21
5 + -13 - (0 - 13)
5
Calculate 9 + 5 - 5 - 1 - (0 + 7).
1
What is -8 - (-4 + 1 + (131 - 127))?
-9
6 - (-11 + 7 + -3 + 3)
10
What is the value of -6 + (22 - (14 + 18))?
-16
Calculate (6 - -55) + -36 + (-2 - (2 - -4)).
17
Calculate -1964 + 1955 - (-27 + 0 - -1).
17
Evaluate 2 + 2 + 2 + (42 - 57).
-9
Evaluate 4 + 26 + -95 + 46.
-19
What is 21 - (16 + -41 + 74)?
-28
-50 + 77 + -38 + 20 + -1 + -1
7
What is -3 + 5 + 9 + -4 + -3?
4
What is -45 + 14 - (-13 - -1)?
-19
Calculate 46 + 43 + 24 + -79.
34
4 - 5 - (-13 - (5 + -10))
7
What is 22 + (3 - (48 - 25))?
2
Calculate 14 + -24 + 2 + (6 - -1).
-1
Evaluate -4 + -25 + 17 + 21 - (-1 - 1).
11
What is the value of 3 + 4 + -11 + 4 - (-2 - -2)?
0
(-4 - 5 - -8 - -17) + -6
10
Calculate 2 + -9 + -1 - (-22 - -9).
5
Evaluate 17 + (11 - ((-1 - -9) + 8)).
12
0 + (-17 + 9 - (2 + -2)) - -30
22
What is (14 - (1 + -2)) + (3 - 8)?
10
(-8 + 12 - -5) + -11
-2
What is (458 - 446) + 21 + -1?
32
What is (-10 + (-8 - -15) - (4 - 3)) + 9?
5
What is (-2 + -6 - (-8 + -8)) + 3?
11
1 + 8 + -6 + 14
17
43 + (-13 + 0 - 11)
19
-14 + -2 + 9 - (1 - -3)
-11
Evaluate 5 + -14 + (-11 - (-25 - -5)).
0
Calculate 1 - (-5 - (10 - 8)).
8
Calculate 6 - (-12 + 6 - -5).
7
50 - (-7 - (-3 + -40) - 19)
33
What is (-48 - -80) + -1 + -32?
-1
What is the value of -1 + 15 + -16 +